What is the units digit of 3140/36 - 10/45?
7
Let t = -31 - -56. What is the units digit of t?
5
Suppose 6*l - l = 4*x - 1255, 0 = -4*x - 5*l + 1265. Suppose -5*t + x = -3*h + 115, 5*t + h - 180 = 0. What is the tens digit of t?
3
Suppose 0 = -p + 5*p - 284. What is the units digit of p?
1
Suppose 0*n - 3*n + 171 = 0. What is the tens digit of n?
5
Suppose -12 = -5*o - 2. Suppose -o*d + 2*g + 16 = 0, d - 3*d - g = -28. Suppose 3*b - d = b. What is the units digit of b?
6
Let d(z) = -z**3 - 13*z**2 - 11*z - 22. What is the tens digit of d(-13)?
2
Suppose -4 = -4*i - 0, i = -h + 6. Suppose -20 = -3*f - 2*f. Suppose h = f*x - 3. What is the units digit of x?
2
Suppose y - 87 = -5*t, 6*t + 4*y - 78 = t. Let u be 32/t - (-4)/18. Suppose -u*q = -q - 6. What is the units digit of q?
6
Let z(b) = -2*b**2 - b - 4. Let s(h) = -3*h**2 - h - 5. Let m(n) = -3*s(n) + 4*z(n). Let a be m(0). What is the units digit of 5*(2 - (a + 2))?
5
Suppose 0 = -0*j + j. Let p = 0 + j. Suppose p = -4*t + t + 24. What is the units digit of t?
8
Suppose -4*u + 2*a + 202 = 0, -a - 17 = u - 66. What is the tens digit of u?
5
Let m(s) = 15*s**2 + s - 1. Let k be m(1). Let h = 24 - k. What is the units digit of h?
9
Let c be 4/4 + (-1)/(-1). Suppose w + c = 3. What is the units digit of w?
1
Suppose -5*x = -3*x - 6. Let l = -4 + x. What is the units digit of 10 + -3 + -1 + l?
5
Let l be (-4)/(-2) - (3 - 1). Suppose -4*p + 33 = 5*z, 0 = p + 2*z - 5 - 4. Suppose l = 2*d + 1 - p. What is the units digit of d?
3
Let n = -4 + 6. Suppose 2 = n*u - 4*w, -4*u + w = 2*w - 13. Suppose -2*j = -j - u. What is the units digit of j?
3
Suppose s - x = -s + 215, 4*x - 121 = -s. What is the tens digit of s?
0
Suppose 5 - 3 = 4*f - 2*d, -3*d = 5*f + 3. Let q = 1 - f. Suppose 3*o = 15, 0*g - 3*o - q = -4*g. What is the units digit of g?
4
Suppose 0 = p - 2*p + 45. What is the tens digit of 1269/p - 2/10?
2
Let f be (3 - (-52)/(-12))*-3. Suppose m - 3*m - f*o + 52 = 0, 4*o = 16. What is the units digit of m?
8
Let s be 72/27*3/2. Suppose -10 = -s*q + 6. What is the units digit of q?
4
Suppose 0 = -0*p + p - 10. Suppose 0*w - p = -5*w. Suppose -23 = -w*r - 5. What is the units digit of r?
9
Let k = 6 + -9. Let n be k/6*-2*4. Suppose n*x + 4*m = 32, 2*x + x = -4*m + 19. What is the tens digit of x?
1
Let x be 2/(-1) + 2 + 5. Suppose 15 = -0*t - x*t. Let o = t - -5. What is the units digit of o?
2
Let n = 155 + -107. Suppose -4*b + n = -12. Suppose 0 = -9*l + 4*l + b. What is the units digit of l?
3
Let l = 100 - 22. Suppose 4*j = -b - 54 + 158, -3*j + 3*b = -l. What is the units digit of j?
6
Let q(s) = -6*s**2 - 29*s + 36. Let w(g) = g**2 + 6*g - 7. Let x(c) = 2*q(c) + 11*w(c). What is the units digit of x(4)?
1
Suppose -3*s + 1 = 4*z, -5 = 4*z - 5*s + 18. Let a = z + 6. What is the units digit of a?
4
Suppose -5*i + 4*p = -38, 4*p + 10 = -p. Let k(y) = -y**2 + 9*y + 1. What is the units digit of k(i)?
9
Let k(t) = t**3 + 10*t**2 - 13*t + 14. Let b be k(-10). Suppose -3*z = -7*z + b. What is the tens digit of z?
3
What is the tens digit of ((-3)/6)/(4/(-112))?
1
Let i = -5 - -7. Let z = 3 + i. What is the units digit of z?
5
Suppose 5*b = -c + 5*c - 3, -2*c + 3 = -b. Suppose -5*v + c*y = -54, -5*y = -4 - 11. What is the units digit of v?
2
Let s = -385 + 579. What is the hundreds digit of s?
1
Let l = -6 - -27. What is the units digit of l?
1
Let j be 2/(-9) - 6/(-27). Suppose -f - 2*f + l + 33 = j, -55 = -5*f - l. What is the tens digit of f?
1
Let d(v) = -v**2 - 2*v + 3. Let s be d(-3). Suppose -2*p + i - 4*i - 132 = s, i = -2*p - 132. What is the units digit of p/(-9) + 2/3?
8
Suppose -4*w = -2*w - 4, -2*z = -2*w + 2. Let f be 1 - z - (-5 - -7). What is the units digit of (f/5)/(1/(-25))?
0
Suppose 0*t = -5*t + 45. What is the units digit of t?
9
Let a(m) = -m**3 - 4*m**2 + 3*m + 4. Let p be a(-4). Suppose -204 = -3*u - 3*z, -u + 2*u - 78 = 4*z. What is the units digit of 5/20 - u/p?
9
Suppose 4*b + 10 = -h - 2, 0 = -2*h + b - 51. What is the units digit of (-8)/(-28) - h/14?
2
Let v(f) be the first derivative of f**4/4 + 3*f**3 + 4*f**2 + 8*f + 2. Let k be v(-8). Suppose -2*b + 34 = k. What is the tens digit of b?
1
Suppose -12*u + 3024 = -3*u. What is the hundreds digit of u?
3
Let f(y) = y**3 + 5*y**2 - 8*y + 1. Let c be ((-1)/2 - 0)*12. What is the tens digit of f(c)?
1
Let i(w) = w - 2. Let z be i(10). Let n = z - 7. Suppose n = -3*j + 7. What is the units digit of j?
2
Suppose f = -2*a + 129, -7*a + 2*f + 318 = -2*a. What is the tens digit of a?
6
What is the hundreds digit of (-156)/65*400/(-6)?
1
Suppose -11 = -5*n - 36. Let x be -8*n*(-9)/(-12). Suppose -3*t + 7 = -4*a, 4*t = -2*a + 16 + x. What is the units digit of t?
9
Let u be (-6)/21 + 6/21. Suppose 3*c + 41 = p, -2*c - 40 = -u*p - p. What is the units digit of p?
8
Let o(v) = 9*v + 2. Suppose -4*g = -0*g - 4. What is the tens digit of o(g)?
1
Let d(m) = 33*m**2 + m. What is the tens digit of d(-1)?
3
Suppose 3*d = -3*o - 34 + 130, -4*o - 88 = -2*d. What is the units digit of d?
6
Suppose 7*v - 4*v - 6 = 3*d, -2*v + 3*d + 3 = 0. Suppose -3*z + 2*j = -12, -j + 1 = z - v. What is the units digit of z?
4
What is the units digit of (4 - 2) + 0 + 3?
5
Let a = 13 - 19. Let n(d) be the third derivative of -d**4/24 - d**3/6 + 2*d**2. What is the units digit of n(a)?
5
What is the tens digit of (-2768)/(-36) - 3/(-27)?
7
Let f(n) = -n**3 - 6*n**2 + 2*n - 1. Let m be f(-5). Let s = 56 + m. What is the units digit of s?
0
Suppose -3*p - 12 = 5*q - 0, -2*q = -6. What is the tens digit of 16/(-72) + (-245)/p?
2
Suppose 295 = a + 4*a. What is the tens digit of a?
5
Suppose -x = 4*h - 98, 3*x + 3 = 9. What is the tens digit of h?
2
Let x(b) = -6*b**3 + b**2 + 2*b + 1. What is the units digit of x(-1)?
6
What is the units digit of (-15 + 6)/(3/(-3))?
9
Let t(y) = -5 - 2*y + 5*y + 5*y. What is the tens digit of t(3)?
1
Let i(k) = k**2 - 6*k - 15. Let a be i(8). Let b(u) = 16*u - 1. What is the units digit of b(a)?
5
Let w(p) = -p**3 - 7*p**2 + 7*p - 5. Suppose 10*g - 5*g + 40 = 0. Let b be w(g). Suppose 0 = -t + b*l + 16, 3 = 4*l + 15. What is the units digit of t?
7
Let x = -8 + 8. Suppose 4*c - 16 = -x. Suppose 0*h - 34 = -3*d - h, -d + c*h + 20 = 0. What is the tens digit of d?
1
Let f = -8 - -134. What is the hundreds digit of f?
1
Suppose 0*s - 80 = -4*s. What is the units digit of s?
0
Let q(g) = g + 8. Let k be q(-6). Let w(o) = 3*o**2 + o + 2. Let i be w(k). Suppose 3*s = 4*z - 56, -s - i = 5*z - 105. What is the units digit of z?
7
Let a = -26 - -14. What is the units digit of (47/(-4))/(3/a)?
7
Let t = 3 + 0. What is the units digit of (-88)/(-36)*3*t?
2
Suppose 0 = -2*b + 101 + 81. What is the tens digit of b?
9
Let i be -1 - (-2 - -1 - -4). Let p be (-2)/i - (-12)/8. Suppose -23 = -p*a - 5*h, a = -0*h + 4*h + 5. What is the units digit of a?
9
Suppose 5*q + 2*r - 134 = -2, -3*q + 96 = -3*r. Suppose -2*a = q - 74. What is the tens digit of a?
2
Let m(g) = g - 4. Suppose -3*f - 15 = 24. Let y = f - -19. What is the units digit of m(y)?
2
Let n be 2 + 0 - 0/4. Suppose -n*w - 3*k = -6*w + 21, 5*w - 32 = -2*k. What is the units digit of w/4*8/3?
4
Let w = 0 - -166. What is the hundreds digit of w?
1
Suppose 249 = -4*o + 1125. What is the tens digit of o?
1
Suppose 8*j = 4*j + 156. What is the units digit of j?
9
Let a(u) = u**2 + 1. Let h be a(1). Let v be ((-3)/(-3))/(h/10). Suppose -4*z - v*o + 3 = 0, -4*z = 4*o + 2 - 10. What is the units digit of z?
7
Let d = -18 + 11. Let k = -18 - -12. Let a = k - d. What is the units digit of a?
1
Let k(i) be the third derivative of -i**6/120 + i**5/60 + i**4/24 - i**3/3 - i**2. Let g be k(0). What is the units digit of (10 + g)/(2 - 1)?
8
Let h = 3 + -3. Suppose -2*v - 2*k + 40 = h, 0*v - 5*k - 100 = -3*v. Suppose v = 3*j + 5*i - 6*i, 2*j - 4*i = 0. What is the tens digit of j?
1
Suppose -2*h + 2 = -4*h. Let s be 0/(-1) - (-1)/h. Let r = s - -19. What is the tens digit of r?
1
Let s(f) = -56*f - 7. What is the units digit of s(-3)?
1
Let f = -27 - -192. What is the hundreds digit of f?
1
What is the units digit of 12/(5 + -2) + 24?
8
Let i(q) = q**3 - 14*q**2 + 4*q - 3. What is the tens digit of i(14)?
5
What is the tens digit of 1085/14 + 2/(-4)?
7
Let q = 0 + 4. Let l = q + 0. Suppose z - 7 = 